 s be -2 - -5 - (1 + 0). Let c(f) = 2*f**2 + 1 - f**s + 7 + 3*f. Is 26 a factor of c(-6)?
True
Suppose 3*z = -z + 52. Let b = 69 + -65. Let q = z + b. Is 17 a factor of q?
True
Let x(c) = -15*c**3 + 52*c**2 + 49*c + 8. Let i(u) = -7*u**3 + 26*u**2 + 25*u + 4. Let t(n) = 13*i(n) - 6*x(n). Is t(27) a multiple of 4?
True
Suppose -4*p = 5*n + p + 15, 0 = -5*n + p + 3. Suppose 0 = h - n*h + 5, 4*t - h = -3. Is (6 + -1)*(0 - t) a multiple of 5?
True
Let o(w) = w**2 + 7*w + 15. Let n be o(-11). Suppose -2*a - 5*v = -44, 4*a - a = -4*v + n. Does 9 divide a - (-3 + 5)/(-2)?
True
Let g = -217 - -466. Does 9 divide g?
False
Let x be (-1210)/8 + 1/4. Let j = -60 - x. Is j a multiple of 37?
False
Let z be (-8)/(-3) - (-6)/(-9). Let a = -30 - -46. Is 12 a factor of z*10 - a/(-4)?
True
Let l(m) = -7*m - 60. Let h be l(-8). Let y(r) = 18*r**2 + 10*r + 28. Is y(h) a multiple of 23?
True
Suppose 3*z - 2*x - 1277 = 0, -30*z = -27*z + 2*x - 1297. Is z a multiple of 39?
True
Let k(p) = 3*p**2 + 3*p - 3. Let n(i) = i**2 + 8*i - 7. Let c be n(-9). Let x be k(c). Suppose -2*r = -5 - x. Is r a multiple of 6?
False
Suppose -41*g + 5740 + 18614 = 0. Is 85 a factor of g?
False
Let h(n) = 39*n + 59. Is h(10) a multiple of 16?
False
Suppose -v + 60 = q, -3*v - 150 = -4*q + 104. Does 5 divide q?
False
Suppose -3*n = g - 18, 5*n - 2 = 3*g - 0*n. Suppose -g + 2 = -4*w. Let k = 38 + w. Is 13 a factor of k?
True
Let x be (-3 + 4)/(1/25). Suppose 7*h = 2*h + x, 2*n - 2*h = 0. Suppose 68 = t + n*w, 3*t - 3*w = -2*t + 228. Does 12 divide t?
True
Suppose 120*t + 592 = 124*t. Is 50 a factor of t?
False
Let o be ((-10960)/32)/(1/(-2)). Suppose -k = -6*k + o. Is k a multiple of 11?
False
Let j(u) be the third derivative of -u**4/2 + 5*u**3/3 + 20*u**2. Is 5 a factor of j(-2)?
False
Let t(l) = 15*l + 32. Let d be t(11). Suppose 29 = -7*z + d. Is 24 a factor of z?
True
Let b be (57/(-9) + 2)*-3. Suppose 0 = -4*i + 12, 3*i - b = -4*l + 12. Suppose -14 + 198 = l*s. Does 17 divide s?
False
Let a = -383 - -152. Is 1/(1 + a/234) a multiple of 22?
False
Suppose -2 = 2*q - 3*d, -3*q + 3 = -d - 8. Let n(m) = m**2 - 4*m. Let f be n(q). Suppose -f*z = 4*y - 393, 0*y - 388 = -4*y - 4*z. Does 24 divide y?
False
Suppose 133 = 7*u - 259. Is 2 a factor of u?
True
Let m = 4 - -201. Let v = -260 - -146. Let i = m + v. Is 23 a factor of i?
False
Let y(o) = o**3 - 11*o**2 + 4*o + 20. Let j be y(10). Does 12 divide 24/j*-5 - 111/(-1)?
False
Let b be 8/20 - 690/(-25). Suppose 3*k = -4 + b. Suppose 13*u - k*u = 60. Is u a multiple of 9?
False
Suppose -d = 6*g - g - 95, 2*d = 3*g - 57. Suppose 0*i = 4*m + 3*i - 154, 36 = m + 2*i. Let v = m - g. Is v a multiple of 11?
False
Suppose 141*x - 123*x = 18450. Is 39 a factor of x?
False
Suppose -2*v + 4*h + 158 = 0, -5 = 2*h - 1. Let b(c) = c**3 - 43. Let r be b(0). Let u = r + v. Is u a multiple of 8?
True
Suppose -2*z + 2 = -0, -256 = -k - 3*z. Is k a multiple of 14?
False
Suppose -4*k + 10 = 4*h + h, 0 = 5*h - k + 15. Does 6 divide (h - 29)*(1 - 2)?
False
Suppose -15*t + 7*t = -1088. Is 18 a factor of t?
False
Let t = 393 + -249. Is t a multiple of 9?
True
Let d(h) be the first derivative of -h**4/2 - h**3/3 - h**2 + 3*h + 1. Does 9 divide d(-3)?
True
Let u(g) = g**3 + 20*g**2 + 3*g - 26. Does 47 divide u(-15)?
False
Let p = 59 - 53. Suppose t + 4*f - 140 = -t, 0 = -2*f + p. Does 11 divide t?
False
Let f be ((-30)/12 + 5)*-34. Is 4 a factor of -2 + 0 + f/(-5) + -2?
False
Let g be (28/(-20) - -1)*10. Let k = g - -29. Suppose 2*t + t - 110 = -5*f, -k = -5*t. Is 15 a factor of f?
False
Let j(v) = 10*v**2 - 2*v - 4. Is j(-5) a multiple of 17?
False
Let i(a) = a**2 - 11*a + 4. Let q be i(5). Let g = q - -36. Does 7 divide g?
False
Suppose 0 = -165*w + 170*w - 1710. Is 38 a factor of w?
True
Suppose l = -0*l. Suppose n - 28 = -4*p - 3*n, 4*p - 4*n = -12. Suppose l*q + 42 = p*q. Does 14 divide q?
False
Let q be 1/(3 - (-15)/(-6)). Suppose -3*h + 32 = t, 21 = t + q*h - 10. Let r = t + -17. Is 6 a factor of r?
True
Suppose 0 = -65*j + 81244 - 4999. Is 23 a factor of j?
True
Let n(h) be the second derivative of -h**3/6 - h**2/2 - h. Let j be n(-6). Suppose -j*w + 100 = 4*d, -3*w + 112 - 39 = 5*d. Is 8 a factor of w?
True
Let w(r) = 45*r + 35. Is w(14) a multiple of 35?
True
Let b = -118 - -417. Is 64 a factor of b?
False
Suppose 3*q + 0*m = -3*m - 45, -2*m = 4*q + 60. Let b be 2/(-1 + (-21)/q). Suppose 0*i + 147 = b*z + i, 2*z - 57 = -i. Does 10 divide z?
True
Let f(v) = -v + 3. Let t be f(-6). Suppose 5*u + 40 = t*u. Suppose -48 = -2*y - u. Is 4 a factor of y?
False
Let t(z) = z**3 - 4*z + 3. Let i be t(2). Suppose -r - 2*r - 1455 = -i*o, 2*r = 2. Is 18 a factor of (-1 - -1) + o/9?
True
Suppose 3*d + 3*l - 8787 = 0, 0 = d + 5*l - 4079 + 1150. Is d a multiple of 17?
False
Suppose -11*j + 8*j = 2*p - 342, 3*j = 2*p + 330. Does 31 divide j?
False
Suppose 40*i - 39*i = -h + 711, -1410 = -2*h + 2*i. Does 12 divide h?
True
Let j(g) = -32*g**2 + 4*g + 1. Let a be j(-1). Let v = a - -55. Is v a multiple of 3?
False
Suppose i + 18 - 11 = 0. Let t(k) = 7*k - 41. Let r(o) = -o + 5. Let a(v) = 51*r(v) + 6*t(v). Is a(i) a multiple of 18?
True
Let c = 212 + -143. Let y = c + -163. Let h = -46 - y. Does 12 divide h?
True
Suppose -5*g = 5*i - 4595, 5*i - 7*i - 2782 = -3*g. Is g a multiple of 6?
True
Let q = -21 - -24. Suppose q*r - 5*j = 5*r - 78, -r - 5*j = -34. Does 11 divide r?
True
Let z(b) = -59*b**3 + 3*b**2 + 3*b + 1. Let y(k) = -k**3 + k - 1. Let q be y(0). Does 10 divide z(q)?
True
Let w be (-3 - 46/(-14)) + 2/(-7). Suppose w = 2*n - 6*n + 376. Does 39 divide n?
False
Let q(c) = c**2 + 4*c - 15. Let i be q(-7). Let p = i - -9. Suppose p*l = 16*l - 64. Is 13 a factor of l?
False
Let u be 1 + -3 - 108/(-4). Suppose -5*i = 2*w - 3 - 22, -5*w + u = 0. Suppose -5*a = x - 91, -i*x = 2*a - 4*a + 33. Is a a multiple of 18?
True
Let f = 9 + -7. Let o be 2/(-4)*2*f. Is 11 a factor of (-4)/(-6)*(-99)/o?
True
Let f(c) = 2*c**3 - c + 1. Let b be f(1). Suppose -66 = -m - 5*n, 3*m - b*n - 211 = -4*n. Let o = m + -5. Does 22 divide o?
True
Let t(b) = -16*b - 6. Let l be t(-5). Let j = l - 27. Is j a multiple of 15?
False
Let d = 436 + 50. Is d a multiple of 9?
True
Let s(b) = -b**2 - 18*b - 30. Let d(f) = f - 1. Let k(j) = 3*d(j) - s(j). Does 17 divide k(-21)?
False
Let y = 525 + 123. Does 24 divide y?
True
Let c(o) = 2*o**3 - o. Let z be c(-1). Let r(t) = -33*t**2 + 2*t + 3. Let n(d) = d**2 + 1. Let w(g) = 2*n(g) - r(g). Is 18 a factor of w(z)?
True
Let m = -2 - -2. Suppose 6*k - 3*k - 6 = m. Is 20 a factor of (-30*k/(-3))/1?
True
Let m(b) = -b**3 + 9*b**2 + 2*b - 9. Let y be m(9). Suppose 3*a + 3*o - 120 = 0, -y = o + 2*o. Is a a multiple of 12?
False
Let k(r) = -r**2 - 10*r + 3. Let y be k(-10). Suppose -l + y*u + 26 = -4, 4*l = 4*u + 160. Is 9 a factor of l?
True
Let u = -102 + 112. Is (-2 + u)/(3/66) a multiple of 22?
True
Suppose 4*w - 2*l = 250, -4*w - 3*l + 55 = -170. Is 30 a factor of w?
True
Let c(s) = 40*s - 7. Let o be (-8)/(-8) + (3 - 1). Let j be c(o). Let h = -51 + j. Is 26 a factor of h?
False
Let j(p) = p**3 + 14 + p - 12*p**2 - 4*p**3 + 2*p**3. Let i be j(-12). Suppose 62 - i = 2*n. Does 10 divide n?
True
Let z(o) = -31*o - 27. Let u be z(-12). Let d = u + -217. Is 16 a factor of d?
True
Let m(z) = 5*z**2 - 101*z + 68. Does 76 divide m(41)?
True
Let f be 267/(-6) + (-3)/6. Let k = 55 + -37. Does 10 divide k/f - 162/(-5)?
False
Let y = -44 - -52. Suppose 2*o = y + 32. Is o a multiple of 4?
True
Is 63 a factor of (7105/(-2))/(-7)*(-16)/(-10)?
False
Suppose -2*y + o + 1915 = 0, 3*y + o - 3710 = -840. Does 29 divide y?
True
Let p(u) = u**3 + 2*u**2 - 3*u - 2. Let k be p(-2). Suppose k = c - 0*c. Suppose c*i + 16 = g + 5*i, 0 = -3*g + i + 28. Is 9 a factor of g?
False
Let u be 3/(-1)*1*380/57. Let j(p) = -9*p - 2. Does 34 divide j(u)?
False
Suppose -2*w + 6 - 2 = 0. Let n(x) = 180*x - 2. Let k be n(w). Suppose k = 4*j + 90. Is 14 a factor of j?
False
Suppose -1 = -4*r + 3, -5*r = -3*j - 65. Let m = j - -24. Suppose -m*o + 146 = -2*o. Does 15 divide o?
False
Let q = -72 - -216. Suppose -49*l + 50*l - q = 0. Is 25 a factor of l?
False
Suppose 0 = 5*a - 2*c - 5 + 3, 3*a = -2*c + 14. Suppose -13 = -a*n - 1. Let m(x) = x**2 - 2*x + 9. Does 17 divide m(n)?
False
Suppose 2*p - 6 = p.